 is the tens digit of 12832538?
3
What is the tens digit of 14365?
6
What is the hundred thousands digit of 24537680?
5
What is the ten thousands digit of 562235?
6
What is the hundreds digit of 913771?
7
What is the units digit of 2223963?
3
What is the thousands digit of 116448?
6
What is the millions digit of 3001304?
3
What is the hundred thousands digit of 5329958?
3
What is the ten thousands digit of 7978338?
7
What is the tens digit of 6195108?
0
What is the hundreds digit of 590558?
5
What is the hundreds digit of 529137?
1
What is the millions digit of 1093833?
1
What is the ten thousands digit of 8730155?
3
What is the tens digit of 392516?
1
What is the hundred thousands digit of 26912196?
9
What is the tens digit of 254937?
3
What is the ten thousands digit of 459733?
5
What is the hundreds digit of 2286091?
0
What is the units digit of 16365?
5
What is the ten thousands digit of 526423?
2
What is the hundred thousands digit of 7212164?
2
What is the tens digit of 103025?
2
What is the hundred thousands digit of 4760252?
7
What is the thousands digit of 545855?
5
What is the hundred thousands digit of 286785?
2
What is the hundreds digit of 16194867?
8
What is the thousands digit of 588312?
8
What is the tens digit of 448339?
3
What is the hundreds digit of 1850210?
2
What is the millions digit of 2174799?
2
What is the thousands digit of 183604?
3
What is the ten thousands digit of 667094?
6
What is the tens digit of 305157?
5
What is the units digit of 516751?
1
What is the units digit of 891957?
7
What is the units digit of 2041?
1
What is the millions digit of 9241489?
9
What is the ten thousands digit of 5376443?
7
What is the hundred thousands digit of 372297?
3
What is the thousands digit of 578501?
8
What is the hundred thousands digit of 942103?
9
What is the hundreds digit of 1557812?
8
What is the hundreds digit of 96073?
0
What is the tens digit of 218394?
9
What is the hundreds digit of 219043?
0
What is the ten thousands digit of 3932044?
3
What is the hundred thousands digit of 1438883?
4
What is the hundreds digit of 61208?
2
What is the thousands digit of 543859?
3
What is the tens digit of 235379?
7
What is the tens digit of 495079?
7
What is the millions digit of 1259690?
1
What is the tens digit of 1723495?
9
What is the ten thousands digit of 3952038?
5
What is the hundreds digit of 18352?
3
What is the thousands digit of 1146250?
6
What is the hundreds digit of 4945229?
2
What is the ten thousands digit of 101931?
0
What is the tens digit of 84105?
0
What is the hundred thousands digit of 369866?
3
What is the tens digit of 4682363?
6
What is the hundred thousands digit of 696293?
6
What is the tens digit of 351606?
0
What is the ten thousands digit of 2648067?
4
What is the tens digit of 124207?
0
What is the units digit of 483164?
4
What is the ten thousands digit of 382347?
8
What is the units digit of 9716547?
7
What is the hundreds digit of 224448?
4
What is the tens digit of 91951?
5
What is the units digit of 3053888?
8
What is the hundreds digit of 3474114?
1
What is the tens digit of 15762087?
8
What is the hundreds digit of 6823365?
3
What is the hundreds digit of 863037?
0
What is the tens digit of 21588681?
8
What is the thousands digit of 2769378?
9
What is the millions digit of 1119550?
1
What is the thousands digit of 29574731?
4
What is the ten thousands digit of 2724739?
2
What is the millions digit of 21120835?
1
What is the hundreds digit of 2223537?
5
What is the ten thousands digit of 10846776?
4
What is the hundred thousands digit of 104844?
1
What is the ten thousands digit of 818682?
1
What is the millions digit of 15258365?
5
What is the tens digit of 1608691?
9
What is the hundreds digit of 826097?
0
What is the millions digit of 1382821?
1
What is the thousands digit of 6093?
6
What is the ten thousands digit of 18249007?
4
What is the tens digit of 392009?
0
What is the tens digit of 1208310?
1
What is the ten thousands digit of 2467414?
6
What is the thousands digit of 1592193?
2
What is the hundreds digit of 200812?
8
What is the tens digit of 301248?
4
What is the units digit of 412204?
4
What is the units digit of 165559?
9
What is the hundred thousands digit of 17811317?
8
What is the hundreds digit of 110776?
7
What is the units digit of 2068271?
1
What is the units digit of 262409?
9
What is the ten thousands digit of 983538?
8
What is the hundreds digit of 3018133?
1
What is the tens digit of 6151983?
8
What is the hundred thousands digit of 4468961?
4
What is the units digit of 475500?
0
What is the tens digit of 100264?
6
What is the thousands digit of 135666?
5
What is the units digit of 302740?
0
What is the hundreds digit of 832780?
7
What is the thousands digit of 93084?
3
What is the thousands digit of 3260734?
0
What is the tens digit of 530644?
4
What is the hundred thousands digit of 4762438?
7
What is the tens digit of 342146?
4
What is the units digit of 1353261?
1
What is the units digit of 73469?
9
What is the units digit of 1671282?
2
What is the units digit of 460830?
0
What is the hundreds digit of 209422?
4
What is the ten millions digit of 10339460?
1
What is the hundreds digit of 1478909?
9
What is the tens digit of 7884059?
5
What is the tens digit of 8409877?
7
What is the ten thousands digit of 2091464?
9
What is the hundreds digit of 277798?
7
What is the hundreds digit of 6821096?
0
What is the hundred thousands digit of 1774549?
7
What is the thousands digit of 337415?
7
What is the tens digit of 1379493?
9
What is the hundred thousands digit of 8192660?
1
What is the ten thousands digit of 23961197?
6
What is the ten thousands digit of 168334?
6
What is the hundred thousands digit of 16809439?
8
What is the hundred thousands digit of 4765197?
7
What is the hundreds digit of 190587?
5
What is the tens digit of 21775166?
6
What is the units digit of 28317508?
8
What is the ten thousands digit of 24730?
2
What is the units digit of 4287204?
4
What is the ten thousands digit of 308781?
0
What is the millions digit of 5937384?
5
What is the units digit of 17349443?
3
What is the hundred thousands digit of 380255?
3
What is the hundreds digit of 2367154?
1
What is the units digit of 654692?
2
What is the units digit of 16725?
5
What is the hundred thousands digit of 1999220?
9
What is the ten thousands digit of 215401?
1
What is the tens digit of 1475115?
1
What is the thousands digit of 11290787?
0
What is the hundreds digit of 315865?
8
What is the hundred thousands digit of 689489?
6
What is the tens digit of 379761?
6
What is the tens digit of 216231?
3
What is the hundreds digit of 241528?
5
What is the hundreds digit of 1877321?
3
What is the hundreds digit of 16427132?
1
What is the millions digit of 3102897?
3
What is the tens digit of 528970?
7
What is the units digit of 18048013?
3
What is the hundred thousands digit of 2250131?
2
What is the hundred thousands digit of 5559724?
5
What is the hundred thousands digit of 24946579?
9
What is the ten thousands digit of 10704?
1
What is the thousands digit of 8597809?
7
What is the hundreds digit of 592746?
7
What is the units digit of 846420?
0
What is the tens digit of 703391?
9
What is the thousands digit of 969412?
9
What is the units digit of 2631806?
6
What is the tens digit of 956855?
5
What is the tens digit of 467503?
0
What is the hundred thousands digit of 11355498?
3
What is the hundreds digit of 8722526?
5
What is the thousands digit of 550945?
0
What is the hundreds digit of 10220339?
3
What is the hundred thousands digit of 4118894?
1
What is the tens digit of 1688620?
2
What is the tens digit of 3186103?
0
What is the hundred thousands digit of 794519?
7
What is the hundreds digit of 18814985?
9
What is the ten thousands digit of 5145180?
4
What is the hundred thousands digit of 3253089?
2
What is the hundreds digit of 493165?
1
What is the hundreds digit of 8919650?
6
What is the ten thousands digit of 677546?
7
What is the thousands digit of 11529983?
9
What is the units digit of 199400?
0
What is the tens digit of 560469?
6
What is the ten thousands digit of 241973?
4
What is the thousands digit of 11213456?
3
What is the units digit of 17252045?
5
What is the thousands digit 